 = -l**3 - 340*l**2 + 10*l - 392. Determine w(-340).
-3792
Let f(a) = a**3 + 13*a**2 + 41*a - 401. What is f(9)?
1750
Let r(m) = -187*m**3 - 14*m**2 + 31*m - 3. Give r(2).
-1493
Let f(t) = -3*t**3 - 9*t**2 - 26*t - 143. Calculate f(-4).
9
Let k(l) = -154*l**2 - 214*l + 2. What is k(-1)?
62
Let k(z) = -142*z**3 - 5254*z**2 + 39*z + 1457. Give k(-37).
14
Let i(g) = 5*g**2 - 469*g - 593. What is i(95)?
-23
Let m(t) = -17149*t - 2572353. Calculate m(-150).
-3
Let h(l) = 11*l**3 - 143*l**2 - 50*l + 406. Give h(13).
-244
Let x(z) = 122*z - 5464. Give x(49).
514
Let v(r) = 998*r - 897. What is v(1)?
101
Let p(o) = 41620*o + 39992. What is p(-1)?
-1628
Let g(q) = 52*q**2 - 414*q - 832. What is g(10)?
228
Let o(a) = 5719*a + 3192. Calculate o(-1).
-2527
Let g(o) = 216*o + 3192. Calculate g(-22).
-1560
Let r(w) = 11073*w - 34059. What is r(3)?
-840
Let t(b) = -5*b**2 + 287*b + 1180. Determine t(61).
82
Let g(m) = 2*m**3 + 32*m**2 - 80*m - 1688. What is g(-15)?
-38
Let p(y) = -112*y**2 - 27211*y + 1241. Calculate p(-243).
26
Let x(d) = -16630*d - 266064. Give x(-16).
16
Let l(t) = -4*t**3 - 1050*t**2 + 525*t - 369. What is l(-263)?
-106
Let z(v) = 2070*v - 1250270. Give z(604).
10
Let l(s) = 684*s + 210051. Determine l(-307).
63
Let v(z) = -755*z - 2649. Calculate v(-3).
-384
Let m(x) = -x**2 - 218*x - 9885. Determine m(-154).
-29
Let d(r) = -1388*r + 6819. Calculate d(5).
-121
Let a(k) = -7894*k + 79029. Give a(10).
89
Let c(w) = 272*w**2 + 2724*w + 88. Give c(-10).
48
Let d(f) = 6237*f + 37485. Give d(-6).
63
Let d(k) = -14*k**2 - 2094*k - 5491. Give d(-147).
-199
Let h(f) = 3*f**3 - 1317*f**2 - 57*f + 25005. Calculate h(439).
-18
Let k(u) = -u**3 - 50*u**2 + 64*u + 2069. What is k(-50)?
-1131
Let v(c) = 13347*c**2 + 4070834*c - 284. Determine v(-305).
21
Let w(o) = -828*o - 30691. Determine w(-34).
-2539
Let s(m) = -12*m**3 + 4945*m**2 - 417*m + 2025. Calculate s(412).
-35
Let u(x) = -6088*x + 36419. Calculate u(6).
-109
Let a(j) = j**2 - 117*j - 6516. What is a(158)?
-38
Let q(y) = 66020*y - 1650451. Give q(25).
49
Let t(o) = -10*o**3 - 71*o**2 + 7*o - 1. Calculate t(-7).
-99
Let x(h) = -35*h**2 - 50*h - 76. Determine x(-8).
-1916
Let u(g) = -6*g**2 - 700*g - 16053. Give u(-30).
-453
Let r(b) = -58*b**2 + 5343*b + 345. What is r(93)?
-4398
Let j(x) = -x**3 - 309*x**2 - 21*x - 6558. Give j(-309).
-69
Let o(v) = 2*v**3 - 286*v**2 - 571*v - 1582. Calculate o(145).
-277
Let n(h) = -5*h**2 - 136*h - 726. Determine n(-15).
189
Let n(g) = 238*g + 17050. Give n(-78).
-1514
Let o(t) = -80*t**2 - 147*t + 433. Calculate o(3).
-728
Let i(w) = 2*w**2 - 168*w - 39114. What is i(188)?
-10
Let k(u) = -1073*u - 193164. Determine k(-180).
-24
Let i(b) = -9334*b - 1250763. Determine i(-134).
-7
Let n(k) = -2*k**2 + 132*k - 209. Calculate n(65).
-79
Let n(h) = 45059*h - 6578618. Determine n(146).
-4
Let m(i) = -58*i**2 + 433*i + 13. Calculate m(8).
-235
Let c(w) = -88*w**3 - 438*w**2 + 58*w + 242. Give c(-5).
2
Let v(g) = 3*g**3 - 93*g**2 - 435*g - 3751. Calculate v(36).
29
Let o(r) = -r**3 + 23*r**2 - 100*r + 310. Give o(18).
130
Let q(d) = 2*d**3 - 14*d**2 + 559*d - 3283. Determine q(6).
-1
Let s(k) = -4*k**3 + 28*k**2 - 508*k + 2960. Determine s(6).
56
Let w(j) = 263465*j + 2898113. Calculate w(-11).
-2
Let z(w) = w**3 + 206*w**2 + 417*w + 855. Calculate z(-204).
-981
Let q(n) = 6*n**3 - 1113*n**2 + 555*n - 388. What is q(185)?
-388
Let y(x) = -10738*x + 1642920. Give y(153).
6
Let f(z) = z**2 + 125638*z - 3518669. Give f(28).
-21
Let l(v) = -4313*v + 68696. Give l(16).
-312
Let p(u) = -4*u**3 + 2*u**2 + 993*u - 995. What is p(1)?
-4
Let x(g) = 8*g**2 + 67584*g - 2375246. Calculate x(35).
-6
Let u(q) = 20*q**2 + 972*q + 576. Determine u(-48).
0
Let x(m) = -239*m**2 - 9082*m - 53. What is x(-38)?
-53
Let q(w) = -w**3 + w**2 + 10*w + 10. Calculate q(-8).
506
Let p(c) = 67*c**3 + 196*c**2 - 16*c + 3. What is p(-3)?
6
Let i(h) = 3*h**3 + 460*h**2 - 99*h + 32201. Calculate i(-154).
15
Let v(n) = 8157*n + 154974. Determine v(-19).
-9
Let a(g) = -14*g**3 - 434*g**2 - 12*g - 78. What is a(-31)?
294
Let u(k) = 4*k**2 + 8354*k + 41678. What is u(-5)?
8
Let q(x) = 6797*x + 129126. Give q(-19).
-17
Let z(g) = -g**3 + 150*g**2 - 3852*g - 1196. Give z(117).
-143
Let g(h) = h**3 - 92*h**2 - 6470*h - 8749. What is g(139)?
8
Let l(w) = 5*w**3 - w**2 + 1499*w + 4533. What is l(-3)?
-108
Let j(l) = 18*l**2 - 497*l - 18362. Calculate j(-21).
13
Let y(d) = -9518*d - 38072. What is y(-4)?
0
Let u(q) = 12*q**3 - 243*q**2 + 720*q. Calculate u(3).
297
Let o(f) = 248462*f + 745406. Determine o(-3).
20
Let y(a) = -7*a**3 - 518*a**2 + 1457*a + 107820. Calculate y(-74).
2
Let g(d) = -d**3 + 38*d**2 + 156*d - 2395. What is g(39)?
2168
Let g(w) = -49*w - 5225. Calculate g(-122).
753
Let q(u) = -246387*u - 2956614. Give q(-12).
30
Let n(k) = -5397*k + 523. Give n(0).
523
Let m(k) = -10*k**2 + 17974*k - 17970. Give m(1).
-6
Let x(f) = -1138*f**2 - 9051*f + 9052. Calculate x(1).
-1137
Let m(v) = -6*v**2 - 70*v + 553686. Calculate m(298).
2
Let a(s) = 3*s**2 + 139*s + 177. Give a(-45).
-3
Let t(i) = 2*i**3 + 52*i**2 - 1355*i - 509. What is t(-42)?
-47
Let h(n) = 2*n**3 + 66*n**2 + 64*n - 136. Determine h(-32).
-136
Let b(p) = -166591*p - 166598. What is b(-1)?
-7
Let y(w) = 480*w + 34984. What is y(-73)?
-56
Let i(p) = 326394*p + 15014134. Calculate i(-46).
10
Let f(o) = 10239*o - 40993. Give f(4).
-37
Let g(q) = -17*q**3 - 57*q**2 + 2579*q + 7792. Determine g(-3).
1
Let t(z) = -355*z + 134846. Calculate t(379).
301
Let v(d) = 5117*d + 285. Determine v(0).
285
Let q(f) = 2*f**2 - 12515*f - 50062. Give q(-4).
30
Let y(x) = -15*x**3 + 411*x**2 - 450*x + 39. Give y(1).
-15
Let l(n) = -114247*n - 913856. Calculate l(-8).
120
Let r(u) = -7928*u - 6508882. Give r(-821).
6
Let c(t) = 3*t**2 + 3401*t + 92904. Calculate c(-28).
28
Let u(j) = 2923*j + 2385. What is u(-1)?
-538
Let r(o) = o**3 - 128*o**2 - 3479*o + 275. Determine r(151).
-631
Let w(l) = 10*l**2 + 184*l + 37. Give w(-17).
-201
Let f(l) = 6*l**2 + 1166*l - 4680. What is f(4)?
80
Let z(q) = -24*q**2 - 5729*q - 128229. Give z(-25).
-4
Let r(t) = t**3 + 12*t**2 - 1571*t - 18887. What is r(-12)?
-35
Let j(p) = 342*p**2 + 7496*p - 592. What is j(-22)?
24
Let u(w) = -w**3 - 48*w**2 - 17*w - 818. Give u(-48).
-2
Let l(j) = j**3 - 20*j**2 + 25*j + 251. Calculate l(14).
-575
Let o(p) = 191990*p + 1919901. Calculate o(-10).
1
Let s(k) = 2477*k + 74297. Give s(-30).
-13
Let b(f) = -f**3 + 19*f**2 + 90*f + 10. Give b(-8).
1018
Let g(i) = 417*i - 452. Determine g(1).
-35
Let d(f) = -4*f**3 + 273*f**2 - 985*f - 6584. Give d(64).
8
Let r(n) = n**3 + 195*n**2 - 1402*n + 36. Determine r(7).
120
Let n(y) = -y**3 + 50*y**2 - 354*y - 27. Give n(40).
1813
Let v(o) = -o**2 - 54*o + 7022. Give v(-115).
7
Let t(w) = -16793*w**2 + 167933*w - 21. Give t(10).
9
Let r(j) = j**3 + 134*j**2 + 4045*j - 33. Calculate r(-46).
105
Let p(w) = 4*w**3 + 15488*w - 15487. Determine p(1).
5
Let w(h) = -5756*h + 178474. Determine w(31).
38
Let u(d) = -d**2 - 7099*d - 498888. Give u(-71).
100
Let d(a) = 19924*a + 318750. What is d(-16)?
-34
Let w(k) = 113*k + 9372. Calculate w(-83).
-7
Let u(x) = -272*x**2 - 2443*x + 19. What is u(-9)?
-26
Let j(c) = 255911*c - 1023639. Give j(4).
5
Let x(d) = -11607*d + 46114. What is x(4)?
-314
Let a(z) = -2*z**2 + 55888*z + 670941. What is a(-12)?
-3
Let s(p) = p**2 + 253*p + 16097. Determine s(-132).
125
Let d(i) = 185590*i - 56790532. What is d(306)?
8
Let l(p) = -618*p**3 - 78*p**2 + 76*p + 3. Determine l(1).
-617
Let f(v) = 406*v + 27619. Give f(-67).
417
Let d(z) = -13*z**2 + 497*z + 32. Determine d(39).
-358
Let o(p) = -p**3 + 78*p**2 - 1064*p + 440. Determine o(17).
-19
Let m(l) = -242*l**2 - 187*l + 633. Determine m(5).
-6352
Let z(i) = 5*i**3 - 56*i**2 - 474*i + 50. What is z(-8)?
-2302
Let c(n) = 28*n**3 + 14*n**2 - 46*n + 42. Give c(2).
230
Let k(f) = 7*f + 837. What is k(-101)?
130
Let g(p) = -425697*p - 17453579. What is g(-41)?
-2
Let l(y) = -9*y**2 + 1442*y - 20779. Calculate l(144).
245
Let g(l) = 715*l + 23066. Determine g(-32).
186
Let f(y) = -7*y**3 - 144*y**2 - 683*y - 66. What is f(-12)?
-510
Let d(q) = -94*q**2 + 8824*q + 1143. Calculate d(94).
15
Let q(c) = 76*c**2 + 4549*c + 4549. Calculate q(-1).
76
Let f(h) = h**2 - 975*h